lculate o(z).
4
Let y(n) = -8300*n**3 - 5*n**2 - 5 + 41 + 2*n + 8301*n**3 - 42*n. Calculate y(9).
0
Let u = -257 + 261. Suppose -1 = -z, -4*d - u*z = -8*z - 48. Let v(q) = q**2 - 14*q + 9. What is v(d)?
-4
Let n = -7 - -15. Let m(g) be the third derivative of g**6/120 - 7*g**5/60 - 7*g**4/24 - 3*g**3/2 - 2*g**2 + 106. Give m(n).
-1
Let g(d) = -37*d + 170. Let f(i) = 113*i - 477. Let o(l) = -4*f(l) - 11*g(l). Calculate o(1).
-7
Let z be ((-2)/(-2))/((-1)/(-2)). Let p(u) = 5*u + 5. Let m(s) = -12*s - 11. Let o = 36 + -32. Let a(b) = o*m(b) + 9*p(b). Calculate a(z).
-5
Suppose -10*x = -37*x + 54. Let k(m) = -157*m**x - 7 - 146*m**2 + 295*m**2 + m**3 + 14. Give k(8).
7
Suppose -9*d - 54 = -3*d. Let j(v) be the second derivative of v**5/20 + 3*v**4/4 + v**3/6 + 6*v**2 - v + 4. Determine j(d).
3
Let f = -26 - -61. Let t = f + -29. Suppose -24 = -6*v - t. Let b(a) = -3*a + 3. What is b(v)?
-6
Let l(v) be the third derivative of v**6/120 - 7*v**5/60 + v**4/3 - v**3/3 - v**2 + 40*v. Give l(4).
-18
Let y(g) be the third derivative of -g**5/60 + g**4/6 + 9*g**3 - 5665*g**2. Determine y(9).
9
Suppose 5*z + 9*h - 160 = 6*h, 0 = 4*h. Suppose z = -4*n + 40. Let j(v) = v - 3. What is j(n)?
-1
Let f(m) be the third derivative of -m**6/120 - 19*m**5/60 + 41*m**4/24 - 7*m**3/3 + 2326*m**2. Calculate f(-21).
7
Suppose -3*g - 2*g + 3*w - 524 = 0, 4*g + w + 426 = 0. Let x be ((-4)/3)/(8/12) - g. Let t = x + -99. Let h(c) = -2*c + 5. Give h(t).
-5
Let w(r) = -r**2 - 21*r - 41. Let p be w(-19). Let u(l) = -4*l**2 + 5*l + 3. Let s(c) = -2*c**2 + 5*c + 2. Let a(x) = p*s(x) + 2*u(x). Calculate a(-4).
-12
Let u be -10 + (3 - 2)/(16/176). Let a(c) = -13*c**3 - c. What is a(u)?
-14
Let g(f) = 165*f + 6101. Let z be g(-37). Let x(o) = o**2 + 4*o - 7. What is x(z)?
-7
Suppose 3*d + 2 = 2*m, -6*d + 4*m - 2 = -d. Let s(l) = 0*l + 4*l + 4167676 - 4167672. What is s(d)?
-4
Let h(w) = -44*w**2 - 10*w - 4*w - 5*w**2 + 19*w - 6*w. Determine h(1).
-50
Let o(m) = 2*m**2 - m - 5. Let r be o(-3). Suppose r = n - 13. Let x = n + -35. Let l(k) = -k**3 - 8*k**2 - 9*k - 4. Calculate l(x).
-22
Let k(w) = -4*w + 19. Let g(v) = 9*v - 40. Let s = 75 - 78. Let f(m) = s*g(m) - 7*k(m). Determine f(-11).
-24
Let w(o) = -o + 1. Suppose -13*y + 84 = 8*y. Let i(t) be the third derivative of -t**4/8 - t**3/6 - 3*t**2. Let d(f) = y*w(f) - i(f). What is d(6)?
-1
Let p(n) = n**2 - 7*n + 6. Let c be (-48)/(-13) + 128/416. Calculate p(c).
-6
Let o(u) = -2*u**2 - 33 - 22*u + u**2 + u**3 - 14*u + 49*u - 12*u. Let y(m) = -m**2 - 4*m. Let j be y(-4). Give o(j).
-33
Let m(a) = 3*a**2. Let u(p) = p**3 - 3*p**2 + 6*p - 9. Let f(j) = 5*m(j) + u(j). Determine f(-10).
131
Let x(f) = 5*f**2 - 13*f - 12. Let d(z) = -z**2 - z - 1. Let p(l) = -4*d(l) - x(l). Let w(u) = -2*u**3 + 125*u**2 - 182*u - 43. Let b be w(61). What is p(b)?
-2
Let g be (0/1 - 0)*5/(-5). Suppose g = 3*j + 26 - 23. Let a(p) = -2*p**2 - 16*p + 10. Let k(v) = v - 1. Let i(y) = j*a(y) - 12*k(y). What is i(-3)?
8
Let l = -900 - -897. Suppose -4*n - 1 + 13 = 0. Let o(k) = -n*k**3 + 1 - 4*k + 5*k + 2*k**3 - 2*k**2. Give o(l).
7
Let i(a) = -17 - 1064*a + 590*a + 465*a - 5*a**2. Determine i(-2).
-19
Let f(v) = 3*v - 3. Let j(l) = -l + 1. Let g(m) = -f(m) - 4*j(m). Let r be 2 + -9 + 12/4 - 3. Determine g(r).
-8
Let g(v) = -10*v + 79. Let w(a) = 19*a - 139. Let o(d) = -9*g(d) - 4*w(d). Calculate o(11).
-1
Let o(y) be the third derivative of y**4/2 - 11*y**3/6 + 773*y**2. Determine o(3).
25
Let v(l) be the third derivative of -l**5/30 + 3*l**4/8 + 8*l**3/3 + 90*l**2. Let w(m) = m**2 - 5*m - 9. Let r(u) = -3*v(u) - 5*w(u). Determine r(-2).
5
Let q be (-2)/7*-1 + 40/7. Let l(w) = -w**3 + 8*w**2 - 15*w + 12. Determine l(q).
-6
Suppose 0 = -18*z + 10*z + 352. Let u(b) = b**2 - 94 + b - 10*b + 38 + z. Calculate u(10).
-2
Let t be 3/2 - (-7 + (-66)/(-12)). Suppose -4*f - 20 = 0, 0 = -3*j + 2*j - 3*f - 70. Let x be t*(j/15 + 4). Let b(q) = -11*q**3 + q**2 + q - 1. Give b(x).
-10
Let s = -16 - -20. Let g(z) = z**3 + 5*z**2 - 5*z - 1. Let v be g(-4). Suppose -3*m = -b + 4*b + 30, s*b + v = m. Let n(r) = -r**2 - 8*r + 3. What is n(b)?
-6
Let v = 101 + -75. Suppose -v*m + 18 = -32*m. Let o(w) = w - 1. Determine o(m).
-4
Suppose -6*q = 9 + 9. Let l be 5/3 - q*(-1)/(-9). Let c(x) = 3*x**2 - 10*x + 13*x - 3*x**2 + l*x**2 - 3. Give c(-4).
17
Let w = 39 + -44. Let h(a) = -8*a - 5. Let n(z) = -10*z - 7. Let m(t) = 4*h(t) - 3*n(t). What is m(w)?
11
Let d(n) = -20848*n + 20856*n - 1 + 15. Calculate d(-3).
-10
Let h(o) be the first derivative of -o**4/4 + 2*o**3 - 5*o**2 + 4*o - 1448. Suppose 0 = 4*w - 5*z - 16, -z + 3 = -2*w + 11. Determine h(w).
-4
Let v(x) be the third derivative of 0*x - 1/60*x**5 - 6 + 7/12*x**4 - x**2 - 7/3*x**3. Calculate v(12).
10
Suppose 2*h - m + 10 = 0, 8*h - m + 37 = -3. Let z(f) = -3*f**2 - 2*f**2 - f**3 + 0*f**3. What is z(h)?
0
Let h(x) be the first derivative of -x**2/2 - x + 12743. Suppose u = 3*b - 13, -2*b + 6 = -5*u - 7. What is h(u)?
0
Suppose -22*p - 55*p - 244 = -16*p. Let z(b) = 2*b**3 + 3*b**2 - 8*b - 10. Give z(p).
-58
Let b(n) = -n**2 - n - 1. Let k = -177 - -181. Let q(z) = -z**3 - 12*z**2 - 5*z - 6. Let a(o) = k*b(o) - q(o). Calculate a(-8).
-6
Let h(w) = -w**3 - 2*w - 1. Suppose 5*s = -t + 8, s + 0*t = -5*t - 8. Suppose -i + 3 = 4*l, 7*i - s*l = 2*i - 7. What is h(i)?
2
Let k(m) = -m**3 + 4*m**2 - 1. Let i = -128 + 132. Suppose b - i*b = -9. Determine k(b).
8
Let t(d) = -d**3 + 15*d**2 - 36*d + 2. Let x be t(3). Let g(o) = -2*o**3 - 1 - 1 - o + 0 + 2*o**x + o**3. Give g(2).
-4
Let z(s) = 3*s**2 + 5*s - 11. Suppose y - 42*h = -46*h + 7, 5*h = 5*y - 10. What is z(y)?
31
Suppose 5*k - 746 - 739 = 0. Let r = k - 299. Let j(m) = 2 + 10*m + 1 + 0 + 0. Give j(r).
-17
Suppose 11*l = 12*l + 5. Let u be l*1*(-15 + 13). Let h(z) = 5*z + 8 - 7 - 9*z**2 + z + u*z**2. Determine h(-4).
-7
Let v = 88 - 122. Let g be (v/(-4) - 1) + 14/28. Let p(s) = s - 13. Determine p(g).
-5
Suppose -5*w = -32 - 8. Let q be -9 + -6 - -10*(-4)/w. Let i(p) = -p**2 - 19*p + 23. What is i(q)?
3
Let q(l) be the second derivative of -l**5/20 + 7*l**4/12 + 3*l**3/2 - 6*l**2 - 3461*l. Give q(8).
-4
Suppose 3 = j - 3*p, -5*p = 5*j - 8*p + 33. Let a(r) = r**3 + 10*r**2 + 15*r + 28. Calculate a(j).
-26
Let c(q) be the first derivative of -q**3 + q**2/2 + q + 6920. Suppose -4*s = s - 10. Determine c(s).
-9
Let q(m) = 252466 - 3*m**2 - 126232 - 126245 + 52*m. Calculate q(17).
6
Let k(l) be the third derivative of l**6/120 - 11*l**5/60 - l**4/4 + 59*l**3/6 + 13*l**2 - 135*l + 1. What is k(11)?
-7
Let h be -3 + 144/42 + 1/((-56)/(-592)). Let k(m) be the first derivative of -1/2*m**2 - h*m + 3. Determine k(-11).
0
Let x be -9 - (-9 - (2/(-2) - 4)). Let m(p) = 2*p**3 - p**2 - 9*p - 3. Let h(b) = -b**3 + 5*b + 3. Let s(n) = x*h(n) - 3*m(n). What is s(4)?
-14
Let a(w) = -2*w - 1. Let q be a(-1). Let o(r) be the second derivative of 0 + 125*r + 0*r**2 - 3/2*r**3. What is o(q)?
-9
Suppose -27 = -5*o - 2*w, o - 5*w = -4*o + 55. Let q(j) = -7*j - 2*j**2 - o*j + 12*j. Suppose -4 = -2*b - 2*b, -2*l - 7 = -3*b. Give q(l).
-4
Let t(x) = x - 13. Let p(z) = 75*z - 164. Let y(f) = -p(f) + 2*t(f). Determine y(2).
-8
Let w(u) be the third derivative of -u**6/120 - u**5/15 + u**4/4 - u**3/2 + 145*u**2 + 2*u. What is w(-6)?
33
Let a(q) be the second derivative of -q**4/12 - 37*q**3/6 - 87*q**2/2 + 5*q + 183. What is a(-35)?
-17
Let o(j) = -10*j**2 - 3*j + 1. Suppose 109*c + 399 = 508. What is o(c)?
-12
Let m(v) = -10*v + 11. Let l(z) = -76*z + 101. Let y(b) = 25*b - 34. Let r(i) = -3*l(i) - 8*y(i). Let s(h) = -11*m(h) - 4*r(h). What is s(7)?
-11
Let b(p) = -p**2 + 39*p - 210. Let f be b(35). Let c be 6/(-4) + (-945)/f. Let d(a) = a - 11. Give d(c).
1
Let b(o) be the second derivative of -5*o**4/4 + 5*o + 28. Let n(w) = w**3 - 7*w**2 + 7*w - 9. Let f be n(6). Let s be (2 - 4)*f/(-6). Give b(s).
-15
Let a(r) be the first derivative of -r**3/3 + 11*r**2/2 + r - 11. Calculate a(11).
1
Let s(g) = 4*g - 58. Let y(h) = -h**3 + 19*h**2 - 38*h - 14. Let w be y(3). What is s(w)?
6
Let x(c) = -7*c**2 + 8. Let s(t) = -15*t**2 - t + 16. Let o(r) = -6*s(r) + 13*x(r). Let m = -21455 - -21464. Determine o(m).
-19
Let d(k) = -k**2 - 5*k + 4. Let u(p) = p**2 - 1. Let m(b) = -d(b) - 2*u(b). Suppose -o + 157 = -1